is divided by 77.
22
What is the remainder when 309 is divided by 118?
73
Calculate the remainder when 7156 is divided by 16.
4
Calculate the remainder when 270 is divided by 16.
14
Calculate the remainder when 558 is divided by 94.
88
What is the remainder when 1888 is divided by 44?
40
What is the remainder when 57 is divided by 43?
14
Calculate the remainder when 279 is divided by 20.
19
What is the remainder when 236 is divided by 43?
21
What is the remainder when 654 is divided by 42?
24
Calculate the remainder when 261 is divided by 79.
24
What is the remainder when 216 is divided by 49?
20
What is the remainder when 1061 is divided by 64?
37
What is the remainder when 1039 is divided by 39?
25
What is the remainder when 521 is divided by 72?
17
What is the remainder when 1566 is divided by 21?
12
Calculate the remainder when 757 is divided by 27.
1
Calculate the remainder when 643 is divided by 36.
31
Calculate the remainder when 1966 is divided by 35.
6
What is the remainder when 463 is divided by 28?
15
What is the remainder when 2778 is divided by 29?
23
What is the remainder when 104 is divided by 55?
49
Calculate the remainder when 797 is divided by 62.
53
What is the remainder when 18 is divided by 11?
7
What is the remainder when 452 is divided by 92?
84
What is the remainder when 207 is divided by 102?
3
Calculate the remainder when 7137 is divided by 84.
81
Calculate the remainder when 2576 is divided by 639.
20
What is the remainder when 835 is divided by 38?
37
What is the remainder when 103 is divided by 93?
10
What is the remainder when 1219 is divided by 35?
29
What is the remainder when 417 is divided by 15?
12
Calculate the remainder when 1153 is divided by 97.
86
Calculate the remainder when 409 is divided by 4.
1
What is the remainder when 1007 is divided by 9?
8
What is the remainder when 343 is divided by 312?
31
What is the remainder when 118 is divided by 12?
10
What is the remainder when 6092 is divided by 53?
50
What is the remainder when 31 is divided by 4?
3
Calculate the remainder when 194 is divided by 28.
26
Calculate the remainder when 739 is divided by 37.
36
What is the remainder when 1299 is divided by 217?
214
Calculate the remainder when 1188 is divided by 17.
15
Calculate the remainder when 429 is divided by 12.
9
What is the remainder when 151 is divided by 53?
45
Calculate the remainder when 257 is divided by 67.
56
Calculate the remainder when 39 is divided by 19.
1
Calculate the remainder when 2956 is divided by 16.
12
Calculate the remainder when 5 is divided by 2.
1
Calculate the remainder when 1678 is divided by 112.
110
Calculate the remainder when 176 is divided by 26.
20
Calculate the remainder when 838 is divided by 279.
1
Calculate the remainder when 33 is divided by 23.
10
Calculate the remainder when 648 is divided by 41.
33
Calculate the remainder when 59 is divided by 37.
22
Calculate the remainder when 70 is divided by 17.
2
What is the remainder when 361 is divided by 338?
23
What is the remainder when 404 is divided by 37?
34
Calculate the remainder when 50 is divided by 24.
2
What is the remainder when 173 is divided by 19?
2
What is the remainder when 766 is divided by 64?
62
What is the remainder when 4030 is divided by 269?
264
What is the remainder when 436 is divided by 1?
0
What is the remainder when 27 is divided by 8?
3
Calculate the remainder when 3748 is divided by 121.
118
What is the remainder when 46 is divided by 17?
12
What is the remainder when 262 is divided by 22?
20
Calculate the remainder when 336 is divided by 104.
24
What is the remainder when 1845 is divided by 44?
41
Calculate the remainder when 180 is divided by 48.
36
What is the remainder when 141 is divided by 68?
5
What is the remainder when 57273 is divided by 129?
126
Calculate the remainder when 2292 is divided by 194.
158
Calculate the remainder when 303 is divided by 56.
23
Calculate the remainder when 579 is divided by 29.
28
What is the remainder when 475 is divided by 53?
51
Calculate the remainder when 1869 is divided by 48.
45
What is the remainder when 335 is divided by 67?
0
What is the remainder when 559 is divided by 16?
15
Calculate the remainder when 2731 is divided by 36.
31
What is the remainder when 66 is divided by 15?
6
What is the remainder when 178 is divided by 165?
13
What is the remainder when 71 is divided by 41?
30
Calculate the remainder when 58 is divided by 42.
16
Calculate the remainder when 607 is divided by 17.
12
What is the remainder when 9563 is divided by 955?
13
What is the remainder when 410 is divided by 16?
10
Calculate the remainder when 147 is divided by 2.
1
Calculate the remainder when 234 is divided by 121.
113
What is the remainder when 312 is divided by 124?
64
Calculate the remainder when 171 is divided by 56.
3
Calculate the remainder when 111 is divided by 72.
39
Calculate the remainder when 879 is divided by 122.
25
Calculate the remainder when 885 is divided by 37.
34
What is the remainder when 870 is divided by 12?
6
Calculate the remainder when 755 is divided by 63.
62
Calculate the remainder when 1817 is divided by 6.
5
Calculate the remainder when 109 is divided by 28.
25
What is the remainder when 435 is divided by 4?
3
What is the remainder when 241 is divided by 214?
27
What is the remainder when 111 is divided by 38?
35
What is the remainder when 9121 is divided by 25?
21
What is the remainder when 26 is divided by 23?
3
What is the remainder when 29 is divided by 15?
14
Calculate the remainder when 1517 is divided by 378.
5
Calculate the remainder when 1339 is divided by 168.
163
What is the remainder when 25 is divided by 15?
10
What is the remainder when 57 is divided by 22?
13
What is the remainder when 272 is divided by 134?
4
Calculate the remainder when 174 is divided by 11.
9
Calculate the remainder when 1346 is divided by 169.
163
Calculate the remainder when 135 is divided by 133.
2
Calculate the remainder when 512 is divided by 14.
8
What is the remainder when 52 is divided by 15?
7
What is the remainder when 390 is divided by 23?
22
What is the remainder when 1795 is divided by 9?
4
Calculate the remainder when 103 is divided by 48.
7
What is the remainder when 11924 is divided by 97?
90
Calculate the remainder when 1129 is divided by 144.
121
Calculate the remainder when 1397 is divided by 7.
4
What is the remainder when 2906 is divided by 265?
256
What is the remainder when 249 is divided by 117?
15
Calculate the remainder when 474 is divided by 48.
42
Calculate the remainder when 429 is divided by 271.
158
Calculate the remainder when 151 is divided by 9.
7
What is the remainder when 272 is divided by 81?
29
What is the remainder when 388 is divided by 17?
14
What is the remainder when 73 is divided by 11?
7
Calculate the remainder when 9877 is divided by 41.
37
Calculate the remainder when 64 is divided by 19.
7
Calculate the remainder when 7829 is divided by 191.
189
Calculate the remainder when 199 is divided by 42.
31
What is the remainder when 1244 is divided by 90?
74
Calculate the remainder when 183 is divided by 17.
13
What is the remainder when 18 is divided by 9?
0
What is the remainder when 613 is divided by 63?
46
What is the remainder when 34 is divided by 3?
1
What is the remainder when 335 is divided by 13?
10
What is the remainder when 223 is divided by 109?
5
What is the remainder when 529 is divided by 9?
7
What is the remainder when 690 is divided by 68?
10
What is the remainder when 175 is divided by 107?
68
What is the remainder when 140 is divided by 32?
12
Calculate the remainder when 447 is divided by 14.
13
What is the remainder when 108 is divided by 55?
53
What is the remainder when 336 is divided by 84?
0
What is the remainder when 264 is divided by 86?
6
Calculate the remainder when 1100 is divided by 159.
146
Calculate the remainder when 210 is divided by 191.
19
What is the remainder when 145 is divided by 26?
15
What is the remainder when 1384 is divided by 126?
124
Calculate the remainder when 73 is divided by 26.
21
What is the remainder when 113840 is divided by 13?
12
What is the remainder when 77 is divided by 36?
5
What is the remainder when 5972 is divided by 1491?
8
What is the remai